se
Is 257007 prime?
False
Is 38219 prime?
True
Is 139789 a prime number?
False
Is 11114 a composite number?
True
Is 230471 composite?
False
Is 472103 a composite number?
False
Is 8719 composite?
False
Is 2301433 a composite number?
True
Is 11423 a prime number?
True
Is 142271 prime?
True
Is 252937 composite?
False
Is 38939 a composite number?
True
Is 1081 prime?
False
Is 865153 a composite number?
False
Is 5314443 prime?
False
Is 49547 composite?
False
Is 32666 a prime number?
False
Is 16429 prime?
False
Is 4633 prime?
False
Is 1041767 prime?
False
Is 102649 composite?
True
Is 13259 composite?
False
Is 73121 a composite number?
False
Is 161869 prime?
True
Is 679 prime?
False
Is 13705 prime?
False
Is 260593 prime?
False
Is 129553 a prime number?
True
Is 15397 prime?
False
Is 8287 composite?
False
Is 233077 a prime number?
False
Is 205789 composite?
True
Is 1535 a composite number?
True
Is 2051 prime?
False
Is 6739 a prime number?
False
Is 323735 a composite number?
True
Is 82513 a composite number?
True
Is 18119 composite?
False
Is 144817 a composite number?
False
Is 9109 a prime number?
True
Is 129401 a prime number?
True
Is 18965 a composite number?
True
Is 87991 prime?
True
Is 24223 composite?
False
Is 210421 composite?
False
Is 55466 a prime number?
False
Is 8173 a prime number?
False
Is 373 composite?
False
Is 70427 prime?
False
Is 510317 composite?
True
Is 189547 a composite number?
False
Is 198169 composite?
True
Is 84011 a prime number?
True
Is 297809 prime?
True
Is 808147 a composite number?
False
Is 542441 a prime number?
True
Is 67009 a composite number?
True
Is 38366 composite?
True
Is 4613 composite?
True
Is 23929 composite?
False
Is 288907 a prime number?
True
Is 448421 prime?
True
Is 920509 a prime number?
True
Is 84157 prime?
False
Is 202 a composite number?
True
Is 11053 a composite number?
True
Is 7349 a prime number?
True
Is 173093 a composite number?
True
Is 8717 a prime number?
False
Is 7372283 prime?
True
Is 2532559 a composite number?
False
Is 813619 a composite number?
True
Is 2341409 composite?
True
Is 38639 prime?
True
Is 26843 composite?
True
Is 2076967 a composite number?
False
Is 24155 a prime number?
False
Is 43117 a prime number?
True
Is 411799 a prime number?
True
Is 7321 prime?
True
Is 22045 a composite number?
True
Is 67307 a composite number?
False
Is 18461 a prime number?
True
Is 2129 prime?
True
Is 9217 a composite number?
True
Is 566311 prime?
True
Is 215351 prime?
True
Is 515761 a composite number?
False
Is 1232171 prime?
True
Is 519 composite?
True
Is 17233 prime?
False
Is 31055 composite?
True
Is 1277 a composite number?
False
Is 2513 a prime number?
False
Is 586 prime?
False
Is 9901 prime?
True
Is 194767 a composite number?
False
Is 52357 a composite number?
True
Is 14131 prime?
False
Is 9313 composite?
True
Is 44431 a composite number?
True
Is 19777 a composite number?
False
Is 59699 prime?
True
Is 56195 a prime number?
False
Is 397277 a composite number?
True
Is 50035 a composite number?
True
Is 18686 prime?
False
Is 11215 a composite number?
True
Is 391 a composite number?
True
Is 18227 a composite number?
True
Is 342787 a composite number?
True
Is 5987 prime?
True
Is 23578 a composite number?
True
Is 388261 a composite number?
True
Is 229111 a composite number?
True
Is 95701 a prime number?
True
Is 85379 a composite number?
True
Is 1195 prime?
False
Is 66985 prime?
False
Is 23899 prime?
True
Is 12242 prime?
False
Is 33563 a composite number?
False
Is 2933 a prime number?
False
Is 193649 prime?
True
Is 67 prime?
True
Is 120737 a composite number?
False
Is 694 prime?
False
Is 131407 prime?
False
Is 474619 composite?
False
Is 417458 a composite number?
True
Is 4666 prime?
False
Is 797 composite?
False
Is 99449 prime?
False
Is 22679 prime?
True
Is 13033 prime?
True
Is 2281 a composite number?
False
Is 6607 composite?
False
Is 591499 composite?
False
Is 990559 a composite number?
False
Is 153613 prime?
False
Is 48683 a prime number?
False
Is 1085281 a composite number?
True
Is 240323 prime?
False
Is 11483 a composite number?
False
Is 1103667 prime?
False
Is 9791 a prime number?
True
Is 10181 a composite number?
False
Is 2579 prime?
True
Is 2069 a composite number?
False
Is 77 a prime number?
False
Is 226087 a prime number?
True
Is 7195 composite?
True
Is 151867 composite?
True
Is 1892011 prime?
False
Is 8663 a composite number?
False
Is 11057 a composite number?
False
Is 11257 a prime number?
True
Is 22049 composite?
True
Is 253049 prime?
True
Is 34351 prime?
True
Is 7817 a composite number?
False
Is 12469 a prime number?
False
Is 66731 a prime number?
False
Is 27883 composite?
False
Is 12457 prime?
True
Is 26849 prime?
True
Is 24131 prime?
False
Is 8203 prime?
False
Is 7243 a composite number?
False
Is 1657 a composite number?
False
Is 2288879 a prime number?
True
Is 45233 a prime number?
True
Is 4087 prime?
False
Is 34681 a composite number?
True
Is 12143 a prime number?
True
Is 150899 a prime number?
False
Is 23741 prime?
True
Is 111937 a composite number?
True
Is 683 a composite number?
False
Is 2273143 composite?
False
Is 338531 prime?
True
Is 4751 a composite number?
False
Is 14591 a prime number?
True
Is 4429 a prime number?
False
Is 54291 a composite number?
True
Is 13799 a composite number?
False
Is 30983 a prime number?
True
Is 4535 composite?
True
Is 369337 a prime number?
False
Is 6563 prime?
True
Is 957205 a prime number?
False
Is 14369 composite?
False
Is 71063 composite?
True
Is 76079 prime?
True
Is 24937 composite?
True
Is 285017 prime?
False
Is 3109233 a prime number?
False
Is 451 a prime number?
False
Is 327151 a prime number?
False
Is 205019 composite?
False
Is 3493 a prime number?
False
Is 60355 a prime number?
False
Is 5045 composite?
True
Is 90659 composite?
False
Is 11677 a composite number?
False
Is 362003 prime?
True
Is 26131 a prime number?
False
Is 2173 prime?
False
Is 31139 composite?
False
Is 121039 a prime number?
True
Is 216983 composite?
True
Is 20534 a composite number?
True
Is 709287 prime?
False
Is 86587 composite?
False
Is 8009 a composite number?
False
Is 3137 a composite number?
False
Is 64271 a prime number?
True
Is 33227 a composite number?
True
Is 21961 prime?
True
Is 366323 a composite number?
True
Is 6389 prime?
True
Is 19678 a prime number?
False
Is 47261 prime?
False
Is 47239 a composite number?
True
Is 259 prime?
False
Is 763739 prime?
True
Is 209021 a prime number?
True
Is 393709 a composite number?
False
Is 7601 a composite number?
True
Is 41581 prime?
False
Is 17519 composite?
False
Is 77189 a prime number?
False
Is 12571 composite?
True
Is 1153039 composite?
True
Is 94817 composite?
True
Is 117511 a prime number?
True
Is 7121 prime?
True
Is 9886015 composite?
True
Is 43391 prime?
True
Is 24733 prime?
True
Is 27131 prime?
False
Is 396493 a composite number?
True
Is 597203 a prime number?
False
Is 182309 a prime number?
True
Is 7978 a prime number?
False
Is 1961 composite?
True
Is 1668785 a prime number?
False
Is 47923 a composite number?
True
Is 1231 composite?
False
Is 2027609 a prime number?
True
Is 26153 composite?
False
Is 15493 prime?
True
Is 17177 a prime number?
False
Is 97837 a composite number?
True
Is 280799 prime?
False
Is 552907 a composite number?
True
Is 74353 prime?
True
Is 3558505 a composite number?
True
Is 21863 a prime number?
True
Is 14095 a prime number?
False
Is 12158 prime?
False
Is 177109 prime?
True
Is 52051 a composite number?
False
Is 865537 a composite number?
False
Is 111409 composite?
False
Is 278729 a prime number?
False
Is 12197 a prime number?
True
Is 46919 prime?
True
Is 4369 a prime number?
False
Is 8263 a prime number?
True
Is 30367 a prime number?
True
Is 1875611 composite?
False
Is 101819 a composite number?
True
Is 117739 a composite number?
True
Is 17677 prime?
False
Is 83791 composite?
False
Is 3400727 a composite number?
True
Is 549034 a prime number?
False
Is 529085 a prime number?
False
Is 33869 a composite number?
True
Is 392941 prime?
False
Is 13033 a composite number?
False
Is 3959 a composite number?
True
Is 179995 a prime number?
False
Is 17569 composite?
False
Is 152897 a composite number?
False
Is 4568519 a prime number?
True
Is 13819 prime?
False
Is 316493 prime?
True
Is 718603 a composite number?
Fa